{"id":685,"date":"2026-03-05T08:09:42","date_gmt":"2026-03-05T08:09:42","guid":{"rendered":"https:\/\/avoimenfoorumi.fi\/?page_id=685"},"modified":"2026-03-11T10:50:38","modified_gmt":"2026-03-11T10:50:38","slug":"yhteystiedot","status":"publish","type":"page","link":"https:\/\/avoimenfoorumi.fi\/?page_id=685","title":{"rendered":"Yhteystiedot"},"content":{"rendered":"\n<div class=\"wp-block-greenshift-blocks-row gspb_row gspb_row-id-gsbp-b421fac\" id=\"gspb_row-id-gsbp-b421fac\"><div class=\"gspb_row__content\"> \n<div class=\"wp-block-greenshift-blocks-row-column gspb_row__col--6 gspb_col-id-gsbp-fa768d5\" id=\"gspb_col-id-gsbp-fa768d5\">\n<div style=\"height:16px\" aria-hidden=\"true\" class=\"wp-block-spacer\"><\/div>\n\n\n\n<h3 class=\"wp-block-heading\" id=\"avoimen-yliopiston-foorumi\"><strong>Avoimen yliopiston foorumi<\/strong><\/h3>\n\n\n\n<div style=\"height:5px\" aria-hidden=\"true\" class=\"wp-block-spacer\"><\/div>\n\n\n\n<p style=\"margin-right:0;margin-left:0\"><br><strong>Puheenjohtaja Reetta Kungsbacka&nbsp;<\/strong><br>jatkuvan oppimisen p\u00e4\u00e4llikk\u00f6, Vaasan yliopisto<br>p. +358 29 449 8189 | <a href=\"mailto:reetta.kungsbacka@uwasa.fi\">reetta.kungsbacka@uwasa.fi<\/a><br><br><strong>Varapuheenjohtaja Terhi Keltanen<\/strong><br>opintoasiainp\u00e4\u00e4llikk\u00f6, It\u00e4-Suomen yliopisto<br><a href=\"mailto:terhi.keltanen@uef.fi\">terhi.keltanen@uef.fi<\/a><br><br><br><strong>Ty\u00f6valiokunnan muut j\u00e4senet:<\/strong><br><br><strong>Ismo Isopoussu<\/strong><br>erityisasiantuntija, Tampereen yliopisto<br><a href=\"mailto:ismo.isopoussu@tuni.fi\">ismo.isopoussu@tuni.fi<\/a><br><br><strong>Mari Karjalainen<\/strong><br>koulutusp\u00e4\u00e4llikk\u00f6, Taideyliopisto<br><a href=\"mailto:mari.karjalainen@uniarts.fi\">mari.karjalainen@uniarts.fi<\/a><br><br><strong>Jenni Krapu<\/strong><br>kehitt\u00e4misp\u00e4\u00e4llikk\u00f6, Helsingin yliopisto<br><a href=\"mailto:jenni.krapu@helsinki.fi\">jenni.krapu@helsinki.fi<\/a><br><br><strong>Jukka Lerkkanen<\/strong><br>johtaja, Jyv\u00e4skyl\u00e4n yliopisto<br><a href=\"mailto:jukka.lerkkanen@jyu.fi\">jukka.lerkkanen@jyu.fi<\/a><br><br><strong>Miia Rosenberg<\/strong><br>suunnittelija, Aalto-yliopisto<br><a href=\"mailto:miia.rosenberg@aalto.fi\">miia.rosenberg@aalto.fi<\/a><br><br><strong>Merija Timonen<\/strong><br>palvelujohtaja, Lapin yliopisto<br><a href=\"mailto:merija.timonen@ulapland.fi\">merija.timonen@ulapland.fi<\/a><br><\/p>\n<\/div>\n\n\n\n<div class=\"wp-block-greenshift-blocks-row-column gspb_row__col--6 gspb_col-id-gsbp-85e303d\" id=\"gspb_col-id-gsbp-85e303d\">\n<div style=\"height:15px\" aria-hidden=\"true\" class=\"wp-block-spacer\"><\/div>\n\n\n\n<h3 class=\"wp-block-heading\" id=\"avoimet-yliopistot\"><strong>Avoimet yliopistot<\/strong><\/h3>\n\n\n\n<div style=\"height:5px\" aria-hidden=\"true\" class=\"wp-block-spacer\"><\/div>\n\n\n\n<p><br><a href=\"http:\/\/avoin.aalto.fi\/fi\/\" target=\"_blank\" rel=\"noreferrer noopener\">Aalto-yliopisto<\/a><\/p>\n\n\n\n<p><a href=\"http:\/\/www.helsinki.fi\/avoin\" target=\"_blank\" rel=\"noreferrer noopener\">Helsingin yliopisto<\/a><\/p>\n\n\n\n<p><a href=\"http:\/\/www.uef.fi\/avoinyliopisto\" target=\"_blank\" rel=\"noreferrer noopener\">It\u00e4-Suomen yliopisto<\/a><\/p>\n\n\n\n<p><a href=\"https:\/\/www.avoin.jyu.fi\/\" target=\"_blank\" rel=\"noreferrer noopener\">Jyv\u00e4skyl\u00e4n yliopisto<\/a> | <a href=\"https:\/\/www.chydenius.fi\/avoin-yliopisto\" target=\"_blank\" rel=\"noreferrer noopener\">Kokkolan yliopistokeskus<\/a><\/p>\n\n\n\n<p><a href=\"http:\/\/www.ulapland.fi\/avoin\" target=\"_blank\" rel=\"noreferrer noopener\">Lapin yliopisto<\/a><\/p>\n\n\n\n<p><a href=\"https:\/\/www.lut.fi\/opiskelu\/avoin-yliopisto\" target=\"_blank\" rel=\"noreferrer noopener\">LUT-yliopisto<\/a><\/p>\n\n\n\n<p><a href=\"http:\/\/www.oulu.fi\/avoinyliopisto\/\" target=\"_blank\" rel=\"noreferrer noopener\">Oulun yliopisto<\/a><\/p>\n\n\n\n<p><a href=\"https:\/\/www.hanken.fi\/sv\/sok-till-hanken\/oppna-universitetsstudier\" target=\"_blank\" rel=\"noreferrer noopener\">Svenska handlsh\u00f6gskolan<\/a><\/p>\n\n\n\n<p><a href=\"http:\/\/www.uniarts.fi\/avoinkampus\" target=\"_blank\" rel=\"noreferrer noopener\">Taideyliopisto<\/a><\/p>\n\n\n\n<p><a href=\"https:\/\/www.tuni.fi\/fi\/tule-opiskelemaan\/avoimet-korkeakouluopinnot\/avoin-yliopisto\" target=\"_blank\" rel=\"noreferrer noopener\">Tampereen yliopisto<\/a><\/p>\n\n\n\n<p><a href=\"https:\/\/www.utu.fi\/fi\/avoin-yliopisto-opetus\" target=\"_blank\" rel=\"noreferrer noopener\">Turun yliopisto<\/a><\/p>\n\n\n\n<p><a href=\"https:\/\/www.uwasa.fi\/fi\/koulutus\/avoin\" target=\"_blank\" rel=\"noreferrer noopener\">Vaasan yliopisto<\/a><\/p>\n\n\n\n<p><a href=\"http:\/\/www.abo.fi\/opu\" target=\"_blank\" rel=\"noreferrer noopener\">\u00c5bo Akademi<\/a><\/p>\n<\/div>\n <\/div><\/div>\n\n\n\n<p><\/p>\n","protected":false},"excerpt":{"rendered":"","protected":false},"author":2,"featured_media":0,"parent":0,"menu_order":0,"comment_status":"closed","ping_status":"closed","template":"","meta":{"_gspb_post_css":"#gspb_row-id-gsbp-b421fac{justify-content:space-between;margin-top:0;margin-bottom:0;display:flex;flex-wrap:wrap}#gspb_row-id-gsbp-b421fac>.gspb_row__content{display:flex;justify-content:space-between;margin:0 auto;width:100%;flex-wrap:wrap}.gspb_row{position:relative}div[id^=gspb_col-id]{box-sizing:border-box;position:relative;padding:var(--gs-row-column-padding, 15px min(3vw, 20px))}body.gspb-bodyfront #gspb_row-id-gsbp-b421fac>.gspb_row__content{width:var(--theme-container-width, 1200px);max-width:var(--theme-normal-container-max-width, 1200px)}#gspb_col-id-gsbp-fa768d5.gspb_row__col--6{width:50%}@media (max-width:575.98px){#gspb_col-id-gsbp-fa768d5.gspb_row__col--6{width:100%}}@media (min-width:992px){body.gspb-bodyfront #gspb_col-id-gsbp-fa768d5.gspb_row__col--6{width:calc(45% - 0px - 0px)}}#gspb_col-id-gsbp-85e303d.gspb_row__col--6{width:50%}@media (max-width:575.98px){#gspb_col-id-gsbp-85e303d.gspb_row__col--6{width:100%}}","footnotes":""},"class_list":["post-685","page","type-page","status-publish","hentry"],"blocksy_meta":[],"_links":{"self":[{"href":"https:\/\/avoimenfoorumi.fi\/index.php?rest_route=\/wp\/v2\/pages\/685","targetHints":{"allow":["GET"]}}],"collection":[{"href":"https:\/\/avoimenfoorumi.fi\/index.php?rest_route=\/wp\/v2\/pages"}],"about":[{"href":"https:\/\/avoimenfoorumi.fi\/index.php?rest_route=\/wp\/v2\/types\/page"}],"author":[{"embeddable":true,"href":"https:\/\/avoimenfoorumi.fi\/index.php?rest_route=\/wp\/v2\/users\/2"}],"replies":[{"embeddable":true,"href":"https:\/\/avoimenfoorumi.fi\/index.php?rest_route=%2Fwp%2Fv2%2Fcomments&post=685"}],"version-history":[{"count":37,"href":"https:\/\/avoimenfoorumi.fi\/index.php?rest_route=\/wp\/v2\/pages\/685\/revisions"}],"predecessor-version":[{"id":919,"href":"https:\/\/avoimenfoorumi.fi\/index.php?rest_route=\/wp\/v2\/pages\/685\/revisions\/919"}],"wp:attachment":[{"href":"https:\/\/avoimenfoorumi.fi\/index.php?rest_route=%2Fwp%2Fv2%2Fmedia&parent=685"}],"curies":[{"name":"wp","href":"https:\/\/api.w.org\/{rel}","templated":true}]}}